+ y - 22. Give x(z).
-22
Let j(s) be the first derivative of 11/3*s**3 - 1/4*s**4 + 31 - s - 5*s**2. Give j(10).
-1
Let d(x) = 47*x**2 + 109*x + 129. Let s(c) = 18*c**2 + 36*c + 43. Let n(a) = -3*d(a) + 8*s(a). Determine n(14).
-1
Let w(r) = 6*r**2 + 7*r - 10. Suppose 0 = 126*x + 93 - 345. Give w(x).
28
Let k(x) = x**3 + 8*x**2 + 11*x - 10. Let l be k(-5). Let r(s) = -4*s + 6 + l*s**3 + 13*s**2 + 12*s**3 - 5*s**2 - 23*s**3. Determine r(7).
27
Let c(p) = p**2 - 2*p + 2. Suppose 0*b = -3*w - b + 12, 0 = -2*w + 5*b + 25. Let g(z) = -2*z + 12. Let q be g(w). What is c(q)?
2
Let z(b) = b**2 + b - 9. Let n(k) = k + 1. Let a(c) = -c**3 - 6*c**2 + 6*c - 4. Let h be a(-7). Suppose -p - h = 2. Let y(t) = p*n(t) - z(t). Give y(-6).
4
Let t(r) be the third derivative of r**6/24 - r**5/15 + 5*r**4/24 - r**3/3 + 13*r**2 - 1. Let l be t(1). Let s(c) = c**3 - 5*c**2 + 2. Give s(l).
-14
Let l(z) be the third derivative of z**6/120 - 11*z**5/30 - 5*z**4/6 + 2*z**3/3 - 1148*z**2. Give l(23).
73
Let m(n) be the third derivative of n**8/20160 - n**7/720 - n**6/72 - n**5/60 - 31*n**4/24 + 94*n**2. Let j(h) be the third derivative of m(h). Give j(8).
-2
Suppose -5*k + 0 = -25. Let g(v) be the second derivative of 5/2*v**2 + 1 + 1/6*v**3 + 2*v. Give g(k).
10
Suppose 36 = -29*b + 27*b - 4*o, -5*b + 3*o - 25 = 0. Let x(g) = 5*g**2 + 39*g + 3. Determine x(b).
11
Let t(l) = l**3 - 5*l**2 + 438*l - 1311. Let s be t(3). Let b(m) be the first derivative of m**4/4 + 14*m**3/3 - 8*m**2 - 19*m + 5. What is b(s)?
-4
Let c = -4 - -6. Let z(u) be the first derivative of -6*u**3 + c*u**3 - 77 + u + 62. Calculate z(-1).
-11
Let v(o) = -13*o + 5 + 7 + 15*o + 10. What is v(-8)?
6
Let j(x) be the second derivative of 3*x**5/20 - x**4/6 - x**3/6 + 44*x - 2. Let v = 1381 + -1382. What is j(v)?
-4
Suppose 0 = 2*d + 4*r + 10, -4*d + 55*r = 54*r + 29. Let x(y) be the first derivative of -y**4/4 - 8*y**3/3 - 3*y**2 + 15*y - 7. Give x(d).
8
Suppose -g = g - 10, -5*g + 37 = 3*z. Suppose 0 = 4*f + 12, z*d - 18 = 3*f - f. Let a(l) = -l**2 + 5 + 3*l + 0 - 3 - d. Determine a(1).
1
Let m(b) = 38*b**2 + 1 + 31*b**2 - 14 + 33*b**2 - 103*b**2 + 14*b. Determine m(12).
11
Let q(c) = 6*c**2 - 2*c - 9. Let u be q(-2). Let y(j) = -14 - 9*j + j**2 + 42 - u - 12. What is y(5)?
-23
Let g(c) = c**3 - 2*c**2 - c - 4. Let n(h) = -13*h**3 + 36*h**2 - 10*h + 60. Let x(i) = -14*g(i) - n(i). Calculate x(-10).
-44
Let w(b) = -b**3 - 4*b**2 - 5*b - 4. Let t be w(-2). Let f be (-2)/(t/(-9) + 72/(-81)). Suppose -z = -5*z + f*z. Let i(g) = -g**2 - g + 12. What is i(z)?
12
Let r(l) = 2*l**3 + 3*l + 2. Let b be r(-2). Let f = b + 10. Let v be (8 + f)*14/4. Let d(p) = -p**2 - 8*p - 9. Calculate d(v).
-2
Suppose 7*y - 117 = -6*y. Let w(b) = -3*b + 2. Let f(m) = 8*m - 18. Let q(c) = -f(c) - 3*w(c). Calculate q(y).
21
Suppose 2*d - 222 = d. Let q(a) = 112 + 117 - 12*a - d + 3*a - a**2. Determine q(-9).
7
Suppose 0 = -6*p - 230 + 386. Suppose l - p = -l. Let s(x) = x**3 - 14*x**2 + 12*x + 10. Give s(l).
-3
Let s(a) = a - 4. Let x be 1113/27 - (-20)/(-90). Let y = -51 + x. What is s(y)?
-14
Suppose 78*w = -87*w + 4739 - 4409. Let g(z) = 4*z**2 + 4. Let s(n) = n**2 + 1. Let k(t) = g(t) - 3*s(t). Give k(w).
5
Suppose 109*g = -162*g - 493 - 49. Let v(r) = -4*r**2 - 6*r - 9. Determine v(g).
-13
Let g(k) = -2*k - 4. Suppose 9*a = -19 + 181. Suppose -2*p = -a*p - 64. Determine g(p).
4
Let p be 7/(-3) + 1/3. Let y(g) = 21*g**3 + 24*g**2 + 6*g. Let d(c) = -80*c**3 - 91*c**2 - 23*c. Let l(q) = -4*d(q) - 15*y(q). Give l(p).
-28
Let s(b) = -13*b**2 - 5*b + 2. Let t = -3490 - -3491. What is s(t)?
-16
Suppose 17*z + 81*z + 882 = -49*z. Let c(b) = -3*b**2 - 10. Let u(d) = d**2 + d + 1. Let o(w) = -c(w) - 4*u(w). Calculate o(z).
-6
Let z(o) be the third derivative of -o**6/120 + o**5/60 - o**4/12 - 3*o**3 - 3*o**2 + 8. Give z(0).
-18
Suppose -3*x - 4*d = -20, -4*x + x = 3*d - 21. Let m(g) be the second derivative of -g**3/6 + g**2 + 3*g + 1292. What is m(x)?
-6
Let v(g) = -2*g - 6. Let t be ((-12)/20 - -1)/((-4)/(-120)). Let i(u) = -15*u - 18*u + 28*u - t. Let p(f) = -3*i(f) + 7*v(f). Determine p(0).
-6
Let d be (2/12)/((-6)/36). Let k(l) = 3*l**3 + 10*l**2 - 13*l. Let x(m) = m**3 - 2*m**2 + m - 1. Let g(z) = d*k(z) + 2*x(z). Give g(-15).
-2
Let u(l) = -14*l**3 - 10*l**2 + 13*l + 2. Let j(c) = -5*c**3. Let o(y) = -3*j(y) + u(y). Determine o(8).
-22
Let z(w) = -w**2 + 5*w + 10. Let d(l) be the third derivative of -l**5/60 + l**3/3 - l**2 + 49. Let a(g) = -2*d(g) + z(g). Determine a(-4).
2
Let n(j) = 16*j**2 + 0*j - 2*j - 29*j**2 - 6 - 9 + 15*j**2. Determine n(8).
97
Let a(x) = -x**3 + 9*x**2 - 8*x - 16. Let v(o) = -131*o - 778. Let j be v(-6). Give a(j).
-16
Let j be (-55)/(-7) - (-1 + (-6)/(-7)). Let l(x) = 111*x**2 + 3*x - 3. Let p be l(1). Let n(h) = -h**2 - p + 61 + j*h + 61. What is n(9)?
2
Let z(p) = 2 - 2 + 24 + p. Suppose 4*n = 2*g - 3*g - 50, -190 = 4*n - 9*g. Give z(n).
8
Let u(y) = -4*y + 18. Let q(c) = -c**3 - 67*c**2 - 58*c + 516. Let n be q(-66). What is u(n)?
66
Let j(x) = -14*x**2 - 2*x - 1. Suppose -20*g = -22*g + 6. Suppose 4*o + z + 7 + 2 = 0, g*z + 15 = 0. Calculate j(o).
-13
Let c(r) = 3*r**3 - r**2 - 7*r - 7. Suppose -25 = -4*h + 3*o - 17, 8 = -2*o. Let l be c(h). Let m(t) = t**2 + 2*t + 6. Determine m(l).
14
Suppose d - 13*d = -396. Let l(j) = d - 17 - 25 - 5*j. Calculate l(-7).
26
Let v(g) = g**2 - 12*g + 12. Let r be v(11). Suppose 2*o + 5*t + r = 0, -9*t + 8*t + 43 = -5*o. Let i(q) = -q**2 - 9*q - 6. Determine i(o).
2
Let b(z) be the first derivative of 1/3*z**3 - 8*z - 20 - 5/2*z**2. Give b(6).
-2
Let m(s) = 24*s + 1. Suppose 0 = -3*k - h, 3*k + 32*h + 18 = 37*h. Determine m(k).
-23
Let p(l) be the second derivative of l**5/20 + l**4/4 - 13*l**3/2 - 7*l**2 - 3571*l + 2. Give p(5).
-9
Suppose 0 = -29*f - 44461 + 44084. Let r(i) = -i**2 - 5*i + 97. What is r(f)?
-7
Suppose 4*o = 0, 2*x + 92 = -2*x - 4*o. Let y = x - -23. Let s(q) = 916*q**2 - 915*q**2 - 3*q**3 + 2*q**3 + 5. Determine s(y).
5
Let o(w) be the first derivative of -7*w**6/120 + w**4/24 + 3*w**2 + 2. Let v(m) be the second derivative of o(m). Suppose 2*p + 19 = 17. Determine v(p).
6
Let c(p) be the second derivative of p**4/12 + 3*p**3 - 9*p**2/2 + 44*p - 28. Give c(-16).
-41
Let f(c) be the second derivative of -1/6*c**3 - 1/2*c**2 - 1/10*c**5 + 15*c + 0 + 1/4*c**4. Let a = 9 + -7. Give f(a).
-7
Let f(m) = -17*m + 52. Let k(j) = 2*j + 1. Let r(u) = f(u) + 5*k(u). What is r(9)?
-6
Let t(i) = -2*i**2 - 51*i + 165. Let o be t(3). Let r(a) = a**3 + 7*a**2 + 3*a + 8. Determine r(o).
26
Let r(n) be the second derivative of n**5/20 - n**4 + 16*n**3/3 + 3*n**2/2 - 7*n + 278. What is r(8)?
3
Let z = -23042 + 23056. Let j(d) = d**3 - 16*d**2 + 34*d - 6. Calculate j(z).
78
Let t(h) = 4*h**3 - 3*h + 1. Let o = -1787 + 1789. Calculate t(o).
27
Let v(b) = b**2 + 5*b + 5. Let a(l) = 4*l**2 + 18*l + 21. Let i(q) = -2*a(q) + 7*v(q). Suppose -25 = 4*o - 5*g, -2*g = 5*o - 6 - 4. What is i(o)?
-7
Let c(k) = k - 2. Let m(j) = -2*j**3 + 0 - 3 + 14*j + 2*j**3 + j**3 - 9*j**2. Suppose 2*p + 12 - 5 = d, 5*d = -2*p + 35. Let v be m(d). Give c(v).
-5
Let c(w) be the second derivative of 3*w**4/2 + 7*w**3/6 + 2*w**2 - 58*w - 10. What is c(-2)?
62
Let j be ((-18)/12 - -2)*4. Suppose -j = 2*l + 10. Let y(w) = -w**3 - 5*w**2 + 4*w - 5. Calculate y(l).
7
Let f(q) be the second derivative of q**5/10 - 11*q**4/12 + 5*q**3/3 - 17*q**2/2 + q + 472. Calculate f(5).
8
Let j(g) = g**3 + 6*g**2 - 2*g. Let w = -2017 + 2012. Calculate j(w).
35
Let n(r) = r**3 - 25*r**2 + 47*r + 12. Let y be ((690/(-21))/(-5))/(148/518). What is n(y)?
35
Let n(k) = 7*k + 2 + 0*k**2 - k**2 + 2*k**2. Let j(o) = 344*o - 18582. Let p be j(54). Determine n(p).
-4
Let h(c) be the first derivative of -c**3/3 - 1. Let s be 10*-2 + 421 + -404. Give h(s).
-9
Let a(g) = -19 - 7*g + 3*g + 6*g. Let j be a(10). Suppose 0 = v + v + 10, -4*y = -5*v - j. Let b(o) = o**2 + 7*o + 7. Give b(y).
1
Suppose -2*o = 5*p - 31 + 38, 0 = -2*p - 6. Let z be (22 - 19)/((-6)/o). Let n(h) = 2*h**3 + h**2 - 4*h - 1. Calculate n(z).
-5
Let c(j) be the third derivative of -j**4/8 + 7*j**3 + 364*j**2. What is c(22)?
-24
Let m(k) = k**2 + 64*k - 732. Let r be m(10). Let n(p) = 0*p - 4*p + 3*p + 17. Give n(r).
9
Let o(w) = 17*w - 104. Let j be o(2